f - 2*c - 2*c + 286 = 0. Let d(m) = -5*m + 1. Let v be d(-1). What is the greatest common divisor of v and f?
6
Let q = 494 - 299. Let a = -111 + q. Suppose -a = -4*r - 0*r. Calculate the greatest common factor of 189 and r.
21
Let u = 11 + -6. Suppose 7*o = u*o + 224. Calculate the greatest common divisor of o and 14.
14
Suppose 4*r = -3*d - 5, 4*d + 0*r = 2*r + 8. What is the greatest common divisor of 3 and d?
1
Let r = -220 + 407. Let d(f) = -4*f - 3. Let h = -8 - -3. Let o be d(h). Calculate the highest common factor of o and r.
17
Let l be 51/12*4 + -5. Let k be -3*1/4*-4. Calculate the highest common divisor of l and k.
3
Suppose 16*w + 368 = 18*w. Suppose -176 - w = -3*m. What is the greatest common factor of 48 and m?
24
Let i(v) = -v**2 + 8*v - 2. Let t(n) = n**3 - 4*n**2 + n + 1. Let s be t(4). Let l be i(s). Calculate the highest common factor of 117 and l.
13
Suppose 3*v - 96 = -v. What is the highest common factor of 6 and v?
6
Let f be (-2622)/(-115) - 8/10. What is the greatest common factor of f and 11?
11
Suppose -5*v + v = 12. Let r(y) = -13*y - 7. Let b be r(v). Let m be 2/2*(2 + 6). What is the greatest common factor of m and b?
8
Let a = 7 - 5. Suppose 0 = 3*q - a*b - 14, 0 = -5*q + b + 21 - 7. Suppose -3*i - q*i = -30. What is the greatest common factor of i and 42?
6
Let x be -2*(2 + -2 + 1). Let i be (-1)/(x/48*2). Suppose 45 = 4*v + 2*w + w, 0 = 4*w - i. Calculate the highest common factor of 45 and v.
9
Let u = -7 - -17. Let z be (8/u)/1*45. Calculate the highest common divisor of z and 4.
4
Suppose h + 2*w - 4*w = -8, 3*w = 12. Suppose h*g + 135 = 3*g. What is the highest common divisor of g and 9?
9
Suppose -3*c = -c - 44. Let f be (2/(-2))/((-5)/(-75)). Let m be (-1100)/f*(-6)/(-4). Calculate the highest common divisor of m and c.
22
Suppose -3*x = -4*x. Let y = 13 + x. Suppose 0 = r - 4, v - 72 = 2*r - 7*r. Calculate the highest common divisor of v and y.
13
Let r be ((-3)/2)/((-6)/56). Let j be 4/((-8)/r)*-8. Suppose -t + 32 = 3*t. What is the greatest common factor of t and j?
8
Let n = 3 - 1. Let s(x) = -x + 2. Let g be s(-4). Suppose -n*h + g*h - 4 = 0. What is the highest common divisor of h and 7?
1
Suppose 3*w - 8 = 2*w. Calculate the highest common factor of 56 and w.
8
Let d = -6 - -6. Suppose d = 5*x - 20 - 0. What is the highest common divisor of 8 and x?
4
Let s = 10 + -14. Let m(x) = -26*x - 8. Let a be m(-2). Let i be (2/s)/((-1)/a). What is the greatest common factor of i and 55?
11
Let d = -34 - -73. Calculate the highest common factor of d and 13.
13
Let t = 48 + -39. Calculate the highest common divisor of 1 and t.
1
Suppose a + 388 = 2*f, 5*f - 4*f - 204 = -2*a. What is the greatest common divisor of 28 and f?
28
Suppose 5*q - 115 = -2*z, 0 - 5 = -z. What is the highest common divisor of q and 84?
21
Suppose -5*z = -2*y - 32, y + z + 14 = 3*z. Let a(w) = 6*w + w - 4*w**2 + 8*w**2 - 3. Let c be a(y). Calculate the highest common divisor of 9 and c.
9
Suppose -5*c = 3*m - 32, 3*m + 4*c - 34 = -0. Let r = 311 - 199. Calculate the greatest common divisor of m and r.
14
Let h(u) = 2*u**2 - 5*u + 12. Let m be h(6). What is the greatest common divisor of m and 36?
18
Let l(o) = -134*o + 2. Let w be l(2). Let v = -158 - w. Calculate the highest common factor of v and 12.
12
Suppose -2*l = l - 225. Suppose 0 = 4*i + 4*d - 364, -4*d - d = i - l. Let m = i + -29. What is the highest common divisor of m and 6?
6
Let m(o) = -o**2 - 9*o + 3. Let d be m(-8). Calculate the highest common divisor of d and 77.
11
Let g(v) = 2*v - 10. Let w be g(9). Calculate the greatest common factor of 8 and w.
8
Suppose 5*f = l + 36, -3*f = -2*f + 4*l - 24. Calculate the highest common divisor of f and 16.
8
Let b = -15 + 24. What is the highest common divisor of 36 and b?
9
Suppose 4*c - 193 = s, -s = -5*c - 5*s + 236. Let z(d) = -d + 13. Let j be z(7). What is the highest common factor of j and c?
6
Suppose 2*q + 3*n - 2 = -2*q, -3*n + 6 = 0. Let o be 6*(q - 8/(-6)). Let y be 1/(2*1/36). Calculate the greatest common divisor of y and o.
2
Let u = 11 - 6. Suppose -4*z - 4*p = -20, 4*z - 2*p + u = 19. Suppose -6 = -2*h + c, -h + 20 = z*h - 5*c. Calculate the greatest common factor of 8 and h.
2
Suppose 10 = -3*h + 4*t, 2*h - 4*t = 3*h - 18. Suppose -c + 9 = h*c. Suppose -d + c*d - 162 = 0. What is the highest common divisor of d and 9?
9
Suppose 9*n - 2*n = 56. Calculate the highest common factor of n and 16.
8
Suppose 3*a - 42 = 90. Let p be 2164/a - (-2)/(-11). Suppose 5*i - 20 = -5*u, 0 = -4*u + 2*u - 5*i - 1. Calculate the highest common divisor of p and u.
7
Let t be 2 + -1 + (3 - -1). Let n(p) = -p - p**2 + t - 2 + 4. Let m be n(0). What is the greatest common factor of m and 28?
7
Let l = 8 + 0. Let z(p) = -p**3 + 7*p**2 + 8*p + 3. Let h be z(l). Calculate the greatest common divisor of 6 and h.
3
Suppose 3*g = 4*m - 7, -7*g + 11*g = 3*m. Calculate the greatest common divisor of m and 20.
4
Let s be ((-882)/(-8))/(3/8). Suppose -p = -4*p + s. What is the highest common divisor of 14 and p?
14
Suppose 3*v = -2*y + 143, 4*v - 25 + 69 = y. Calculate the highest common divisor of 32 and y.
32
Let z(a) = a**3 - 2*a**2 - 14*a + 15. Let r be z(5). Let s = -10 - -30. Calculate the greatest common divisor of s and r.
20
Let p be (3 - 2)*6 + -4. Calculate the greatest common factor of 1 and p.
1
Suppose 71 = 4*i - 57. Calculate the greatest common factor of i and 4.
4
Suppose -2*k - 2*a = -a - 8, 10 = k + 2*a. Suppose 0*c - k*c + 32 = 0. What is the greatest common divisor of 2 and c?
2
Suppose -7 = d - 92. Let u = d - 55. Let v = -20 + u. What is the greatest common factor of 30 and v?
10
Suppose 2*i - 546 = -5*t + t, 25 = -5*i. Let o = -95 + t. Calculate the highest common factor of o and 4.
4
Let r(x) = -2 + 1 - 7 + 4*x. Let y be r(9). Calculate the highest common factor of y and 7.
7
Suppose 4*t = -0 + 20. Let s(o) = 2*o - 3*o + 11 - 2*o. Let h be s(-8). What is the greatest common divisor of t and h?
5
Let k be 23/5 - 4/(-10). Let w = k + 13. What is the greatest common divisor of w and 27?
9
Let l(m) = -6*m**3 + m**2 - m - 1. Let b be l(-1). Suppose 0 = b*q - 9*q + 6. Calculate the greatest common factor of q and 6.
3
Let p(n) = 5*n**2 - n - 8. Suppose q = 2*q - 7. Let m be p(q). Let c = m + -131. What is the greatest common factor of 9 and c?
9
Let q = 2 - 5. Let l = q + 9. What is the greatest common divisor of 9 and l?
3
Let d be (-52)/(-5)*10/4. Calculate the greatest common factor of 65 and d.
13
Let r(w) be the third derivative of w**4/8 - w**3/2 - w**2. Let i be r(5). What is the greatest common divisor of i and 132?
12
Suppose -4*z - 20 + 64 = 0. Let w = z + -9. Let b(r) = r**2 + 4*r + 5. Let v be b(-4). What is the highest common factor of w and v?
1
Suppose 0 = -4*b + 4, -4*b + b + 451 = 4*n. Calculate the highest common divisor of n and 14.
14
Let s(f) = f**3 - 6*f**2 - 3*f + 11. Let x be s(8). Let h = 225 - x. Calculate the greatest common factor of h and 10.
10
Let h be (-17)/(-5) - 6/15. Suppose r - 128 = -h*r. Suppose -8*v + 5*v = 4*k - r, -k = -v + 20. What is the highest common factor of 144 and v?
16
Suppose 0 = 2*s - s - 8. Suppose s*o = 3*o + 65. Suppose -4*a = -4*v - 368, 0 = -2*a - 4*v + 24 + 154. Calculate the highest common factor of a and o.
13
Suppose 0 = 2*m - 2*t + 3*t - 5, 5*t = -5. Suppose m*g = -25 + 115. Calculate the highest common factor of 15 and g.
15
Suppose 3*f = -3*i - 6, -5*i + i - 5*f = 12. Suppose -2*s = i*m + 2*s - 256, 4*m + s = 484. Calculate the greatest common factor of 15 and m.
15
Let f = -33 + 36. Calculate the greatest common factor of f and 21.
3
Suppose -4*l + f = -174, 0 = -0*l - 4*l - 2*f + 180. Let x(v) = 12*v**2 + 2*v + 1. Let g be x(-1). Calculate the greatest common divisor of l and g.
11
Let g(q) = q**2 - 5*q - 3. Let t be g(5). Let r be t + 4 + (14 - 1). Calculate the highest common divisor of 14 and r.
14
Let h = -14 - -20. Suppose -5*v + 270 = -0*v. Calculate the highest common divisor of h and v.
6
Let o(m) = -8*m**2 + 3*m - 2. Let h be o(-5). Let a = h - -353. What is the highest common factor of 17 and a?
17
Let k = 27 - 15. Suppose -3*o + a + 65 = -k, 3*a = 2*o - 49. Calculate the highest common divisor of o and 13.
13
Suppose -4*w + 93 = -3. Calculate